{"id":6231,"date":"2020-10-01T23:57:11","date_gmt":"2020-10-02T02:57:11","guid":{"rendered":"https:\/\/engearqcursos.com.br\/?page_id=6231"},"modified":"2025-05-09T20:39:47","modified_gmt":"2025-05-09T23:39:47","slug":"curso-de-raytrace","status":"publish","type":"page","link":"https:\/\/engearqcursos.com.br\/index.php\/curso-de-raytrace\/","title":{"rendered":"Raytrace"},"content":{"rendered":"<p>[vc_row padding_top=&#8221;0&#8243; padding_bottom=&#8221;20&#8243; padding_left=&#8221;20&#8243; padding_right=&#8221;20&#8243;][vc_column][vc_row_inner][vc_column_inner width=&#8221;2\/3&#8243;][vc_text_separator title=&#8221;Raytrace (Sketchup,V-Ray e Photoshop)&#8221; i_icon_fontawesome=&#8221;fas fa-hard-hat&#8221; i_color=&#8221;black&#8221; i_size=&#8221;lg&#8221; color=&#8221;black&#8221; border_width=&#8221;8&#8243; add_icon=&#8221;true&#8221; el_class=&#8221;titulo&#8221;][vc_column_text]<\/p>\n<ul>\n<li>O m\u00e9todo Raytrace ir\u00e1 te preparar para a realidade do mercado de trabalho. N\u00e3o s\u00f3 ser\u00e1 ensinado a dominar os softwares Sketchup e V-Ray, mas tamb\u00e9m a como utiliz\u00e1-los na vida real, afim de aumentar os seus lucros com projetos arquitet\u00f4nicos.<\/li>\n<li>Cada vez mais se torna obrigat\u00f3rio a apresenta\u00e7\u00e3o de Maquetes Eletr\u00f4nicas e imagens em Fotorrealismo nas negocia\u00e7\u00f5es com clientes, principalmente quando se trata de residenciais horizontais de alto padr\u00e3o.<\/li>\n<li>Neste m\u00e9todo voc\u00ea ir\u00e1 aprender desde o zero a elaborar maquetes eletr\u00f4nicas no Sketchup at\u00e9 o n\u00edvel m\u00e1ximo que \u00e9 usado na pr\u00e1tica. E o mesmo vale para as renderiza\u00e7\u00f5es feitas no V-ray, onde ser\u00e3o abordadas todas as configura\u00e7\u00f5es necess\u00e1rias para se chegar ao fotorrealismo.<\/li>\n<li>O curso ser\u00e1 ministrado por Engenheiros capacitados que atuam no mercado de trabalho a muitos anos, tanto em execu\u00e7\u00e3o de obras, quanto na elabora\u00e7\u00e3o de projetos de alto padr\u00e3o.<\/li>\n<\/ul>\n<p>&nbsp;<\/p>\n<h2>T\u00f3picos abordados no curso<\/h2>\n<p>Ao todo ser\u00e3o 04 m\u00f3dulos e mais b\u00f4nus surreais, divididos entre os dois softwares:<\/p>\n<ul>\n<li>M\u00f3dulo 01: Sketchup B\u00e1sico.<\/li>\n<li>M\u00f3dulo 02: Sketchup Avan\u00e7ado.<\/li>\n<li>M\u00f3dulo 03: V-Ray B\u00e1sico.<\/li>\n<li>M\u00f3dulo 04: V-Ray Avan\u00e7ado.<\/li>\n<li>MAIS 5 B\u00d4NUS SURREAIS!<\/li>\n<\/ul>\n<p>[\/vc_column_text][\/vc_column_inner][vc_column_inner width=&#8221;1\/3&#8243;][vc_text_separator title=&#8221;Matr\u00edcula&#8221; i_icon_fontawesome=&#8221;fas fa-cart-arrow-down&#8221; i_color=&#8221;black&#8221; color=&#8221;orange&#8221; border_width=&#8221;8&#8243; add_icon=&#8221;true&#8221; el_class=&#8221;titulo&#8221;][vc_btn title=&#8221;Fa\u00e7a sua reserva&#8221; style=&#8221;3d&#8221; color=&#8221;success&#8221; size=&#8221;lg&#8221; align=&#8221;center&#8221; i_icon_fontawesome=&#8221;fab fa-whatsapp&#8221; button_block=&#8221;true&#8221; add_icon=&#8221;true&#8221; link=&#8221;url:https%3A%2F%2Fapi.whatsapp.com%2Fsend%3Fphone%3D556292849898%26text%3D%2522Ol%25C3%25A1%2C%2520gostaria%2520de%2520saber%2520mais%2520informa%25C3%25A7%25C3%25B5es%2520a%2520respeito%2520do%2520curso%2520de%2520Raytrace|||&#8221;][vc_cta h2=&#8221;Pr\u00f3xima turma&#8221; style=&#8221;flat&#8221; el_class=&#8221;hidden&#8221;]Reserve j\u00e1 sua vaga para a pr\u00f3xima turma. Previs\u00e3o de in\u00edcio: Outubro \/ 2020.[\/vc_cta][\/vc_column_inner][\/vc_row_inner][\/vc_column][\/vc_row]<\/p>\n","protected":false},"excerpt":{"rendered":"<p>[vc_row padding_top=&#8221;0&#8243; padding_bottom=&#8221;20&#8243; padding_left=&#8221;20&#8243; padding_right=&#8221;20&#8243;][vc_column][vc_row_inner][vc_column_inner width=&#8221;2\/3&#8243;][vc_text_separator title=&#8221;Raytrace (Sketchup,V-Ray e Photoshop)&#8221; i_icon_fontawesome=&#8221;fas fa-hard-hat&#8221; i_color=&#8221;black&#8221; i_size=&#8221;lg&#8221; color=&#8221;black&#8221; border_width=&#8221;8&#8243; add_icon=&#8221;true&#8221; el_class=&#8221;titulo&#8221;][vc_column_text] O m\u00e9todo Raytrace &#8230;<\/p>\n","protected":false},"author":1,"featured_media":0,"parent":0,"menu_order":0,"comment_status":"closed","ping_status":"closed","template":"","meta":[],"_links":{"self":[{"href":"https:\/\/engearqcursos.com.br\/index.php\/wp-json\/wp\/v2\/pages\/6231"}],"collection":[{"href":"https:\/\/engearqcursos.com.br\/index.php\/wp-json\/wp\/v2\/pages"}],"about":[{"href":"https:\/\/engearqcursos.com.br\/index.php\/wp-json\/wp\/v2\/types\/page"}],"author":[{"embeddable":true,"href":"https:\/\/engearqcursos.com.br\/index.php\/wp-json\/wp\/v2\/users\/1"}],"replies":[{"embeddable":true,"href":"https:\/\/engearqcursos.com.br\/index.php\/wp-json\/wp\/v2\/comments?post=6231"}],"version-history":[{"count":10,"href":"https:\/\/engearqcursos.com.br\/index.php\/wp-json\/wp\/v2\/pages\/6231\/revisions"}],"predecessor-version":[{"id":62062,"href":"https:\/\/engearqcursos.com.br\/index.php\/wp-json\/wp\/v2\/pages\/6231\/revisions\/62062"}],"wp:attachment":[{"href":"https:\/\/engearqcursos.com.br\/index.php\/wp-json\/wp\/v2\/media?parent=6231"}],"curies":[{"name":"wp","href":"https:\/\/api.w.org\/{rel}","templated":true}]}}