{"id":1466,"date":"2020-02-19T16:40:18","date_gmt":"2020-02-19T19:40:18","guid":{"rendered":"https:\/\/engearqcursos.com.br\/?page_id=1466"},"modified":"2025-05-09T20:37:57","modified_gmt":"2025-05-09T23:37:57","slug":"curso-de-excel","status":"publish","type":"page","link":"https:\/\/engearqcursos.com.br\/index.php\/curso-de-excel\/","title":{"rendered":"Curso de Excel para Obras"},"content":{"rendered":"<p>[vc_row padding_top=&#8221;0&#8243; padding_bottom=&#8221;20&#8243; padding_left=&#8221;20&#8243; padding_right=&#8221;20&#8243;][vc_column][vc_row_inner][vc_column_inner width=&#8221;2\/3&#8243;][vc_text_separator title=&#8221;Microsoft Excel&#8221; i_icon_fontawesome=&#8221;fas fa-table&#8221; i_color=&#8221;black&#8221; i_size=&#8221;lg&#8221; color=&#8221;black&#8221; border_width=&#8221;8&#8243; add_icon=&#8221;true&#8221; el_class=&#8221;titulo&#8221;][vc_column_text el_class=&#8221;descCurso&#8221;]<\/p>\n<ul>\n<li style=\"text-align: justify;\">Curso de Excel voltado 100% para realidade do mercado de trabalho das \u00e1reas de Engenharia e Arquitetura.<\/li>\n<li style=\"text-align: justify;\">No curso voc\u00ea ser\u00e1 preparado para realizar qualquer tipo de fun\u00e7\u00e3o, formata\u00e7\u00e3o e configura\u00e7\u00e3o de planilhas profissionais.<\/li>\n<li style=\"text-align: justify;\">O curso ser\u00e1 ministrado por Engenheiros que atuam no mercado de trabalho, tanto em execu\u00e7\u00e3o de obras, quanto na elabora\u00e7\u00e3o de projetos.<\/li>\n<li style=\"text-align: justify;\">Al\u00e9m de ensinar o software, tamb\u00e9m ser\u00e1 passado um preparat\u00f3rio de est\u00e1gio, com exerc\u00edcios simulados de testes de qualifica\u00e7\u00e3o, al\u00e9m de dicas de como se comportar em uma entrevista de est\u00e1gio.<\/li>\n<li style=\"text-align: justify;\">Com o Excel ENGEARQ voc\u00ea ser\u00e1 capaz de atuar em:\n<ul>\n<li style=\"text-align: justify;\">Escrit\u00f3rios de gerenciamento<\/li>\n<li style=\"text-align: justify;\">Parte administrativa de obras<\/li>\n<li style=\"text-align: justify;\">Escrit\u00f3rios de projetos e or\u00e7amentos<\/li>\n<\/ul>\n<\/li>\n<\/ul>\n<h2>T\u00f3picos abordados no curso<\/h2>\n<ul>\n<li>Ferramentas b\u00e1sicas<\/li>\n<li>C\u00e9lulas<\/li>\n<li>Navegador de planilhas<\/li>\n<li>Inserir dados<\/li>\n<li>Inserir linhas\/colunas<\/li>\n<li>Cria\u00e7\u00e3o de tabelas<\/li>\n<li>Formata\u00e7\u00e3o de tabelas<\/li>\n<li>Filtros<\/li>\n<li>Intervalo regular<\/li>\n<li>Formata\u00e7\u00e3o de c\u00e9lulas<\/li>\n<li>Formata\u00e7\u00e3o condicional<\/li>\n<li>Operadores aritm\u00e9ticos<\/li>\n<li>Operadores de refer\u00eancia<\/li>\n<li>Sintaxe de fun\u00e7\u00f5es<\/li>\n<li>Fun\u00e7\u00f5es<\/li>\n<li>Preenchimento autom\u00e1tico<\/li>\n<li>Congelamento de c\u00e9lulas<\/li>\n<li>Operadores de compara\u00e7\u00e3o<\/li>\n<li>Fun\u00e7\u00f5es condicionais<\/li>\n<li>Fun\u00e7\u00e3o PROCV<\/li>\n<li>Gr\u00e1ficos<\/li>\n<li>Configura\u00e7\u00f5es de gr\u00e1ficos<\/li>\n<li>Bordas<\/li>\n<li>Plotagem<\/li>\n<li>Impress\u00e3o<\/li>\n<\/ul>\n<p>[\/vc_column_text][\/vc_column_inner][vc_column_inner width=&#8221;1\/3&#8243;][vc_text_separator title=&#8221;Matr\u00edcula&#8221; i_icon_fontawesome=&#8221;fas fa-cart-arrow-down&#8221; i_color=&#8221;black&#8221; color=&#8221;orange&#8221; border_width=&#8221;8&#8243; add_icon=&#8221;true&#8221; el_class=&#8221;titulo&#8221;][vc_btn title=&#8221;Fa\u00e7a sua reserva&#8221; style=&#8221;3d&#8221; color=&#8221;success&#8221; size=&#8221;lg&#8221; align=&#8221;center&#8221; i_icon_fontawesome=&#8221;fab fa-whatsapp&#8221; button_block=&#8221;true&#8221; add_icon=&#8221;true&#8221; link=&#8221;url:https%3A%2F%2Fapi.whatsapp.com%2Fsend%3Fphone%3D5562985786994%26text%3D%2522Ol%25C3%25A1%2C%2520gostaria%2520de%2520saber%2520mais%2520informa%25C3%25A7%25C3%25B5es%2520a%2520respeito%2520do%2520curso%2520de%2520Excel%2520%2B%2520para%2520Obras%2522|||&#8221;][vc_cta h2=&#8221;Pr\u00f3xima turma&#8221; style=&#8221;flat&#8221; el_class=&#8221;hidden&#8221;]Reserve j\u00e1 sua vaga para a pr\u00f3xima turma. Previs\u00e3o de in\u00edcio: Abril \/ 2020.[\/vc_cta][\/vc_column_inner][\/vc_row_inner][\/vc_column][\/vc_row]<\/p>\n","protected":false},"excerpt":{"rendered":"<p>[vc_row padding_top=&#8221;0&#8243; padding_bottom=&#8221;20&#8243; padding_left=&#8221;20&#8243; padding_right=&#8221;20&#8243;][vc_column][vc_row_inner][vc_column_inner width=&#8221;2\/3&#8243;][vc_text_separator title=&#8221;Microsoft Excel&#8221; i_icon_fontawesome=&#8221;fas fa-table&#8221; i_color=&#8221;black&#8221; i_size=&#8221;lg&#8221; color=&#8221;black&#8221; border_width=&#8221;8&#8243; add_icon=&#8221;true&#8221; el_class=&#8221;titulo&#8221;][vc_column_text el_class=&#8221;descCurso&#8221;] Curso de Excel voltado &#8230;<\/p>\n","protected":false},"author":1,"featured_media":0,"parent":0,"menu_order":0,"comment_status":"closed","ping_status":"closed","template":"","meta":[],"_links":{"self":[{"href":"https:\/\/engearqcursos.com.br\/index.php\/wp-json\/wp\/v2\/pages\/1466"}],"collection":[{"href":"https:\/\/engearqcursos.com.br\/index.php\/wp-json\/wp\/v2\/pages"}],"about":[{"href":"https:\/\/engearqcursos.com.br\/index.php\/wp-json\/wp\/v2\/types\/page"}],"author":[{"embeddable":true,"href":"https:\/\/engearqcursos.com.br\/index.php\/wp-json\/wp\/v2\/users\/1"}],"replies":[{"embeddable":true,"href":"https:\/\/engearqcursos.com.br\/index.php\/wp-json\/wp\/v2\/comments?post=1466"}],"version-history":[{"count":11,"href":"https:\/\/engearqcursos.com.br\/index.php\/wp-json\/wp\/v2\/pages\/1466\/revisions"}],"predecessor-version":[{"id":62059,"href":"https:\/\/engearqcursos.com.br\/index.php\/wp-json\/wp\/v2\/pages\/1466\/revisions\/62059"}],"wp:attachment":[{"href":"https:\/\/engearqcursos.com.br\/index.php\/wp-json\/wp\/v2\/media?parent=1466"}],"curies":[{"name":"wp","href":"https:\/\/api.w.org\/{rel}","templated":true}]}}